me factors of 507968.
2, 7937
What are the prime factors of 8051743?
7, 1150249
List the prime factors of 27450427.
17, 61, 103, 257
What are the prime factors of 109470?
2, 3, 5, 41, 89
What are the prime factors of 951766?
2, 89, 5347
List the prime factors of 1392841.
29, 48029
List the prime factors of 356446.
2, 178223
What are the prime factors of 25632760?
2, 5, 241, 2659
List the prime factors of 2583723.
3, 359, 2399
List the prime factors of 8863294.
2, 11, 379, 1063
What are the prime factors of 50409?
3, 1867
List the prime factors of 2067076.
2, 11, 109, 431
List the prime factors of 3810356.
2, 11, 86599
What are the prime factors of 10648669?
173, 61553
What are the prime factors of 1600611?
3, 59, 9043
List the prime factors of 247220.
2, 5, 47, 263
What are the prime factors of 366227?
366227
What are the prime factors of 1574397?
3, 11, 19, 31
List the prime factors of 276244.
2, 69061
List the prime factors of 233120.
2, 5, 31, 47
List the prime factors of 323957.
323957
What are the prime factors of 21016641?
3, 17, 19, 23, 41
What are the prime factors of 446048?
2, 53, 263
What are the prime factors of 339809?
419, 811
What are the prime factors of 2821558?
2, 17, 31, 2677
What are the prime factors of 15803663?
15803663
List the prime factors of 5389.
17, 317
What are the prime factors of 6699252?
2, 3, 7, 173, 461
List the prime factors of 1674931.
1674931
What are the prime factors of 2752384?
2, 21503
List the prime factors of 3396479.
23, 147673
List the prime factors of 11512476.
2, 3, 37, 43, 67
What are the prime factors of 538069?
7, 79, 139
List the prime factors of 12621504.
2, 3, 7, 9391
List the prime factors of 70955.
5, 23, 617
What are the prime factors of 17802870?
2, 3, 5, 593429
List the prime factors of 472482.
2, 3, 26249
What are the prime factors of 200930?
2, 5, 71, 283
List the prime factors of 21883265.
5, 71, 61643
List the prime factors of 1994316.
2, 3, 19, 8747
What are the prime factors of 444237?
3, 148079
What are the prime factors of 10448586?
2, 3, 580477
What are the prime factors of 543451?
223, 2437
List the prime factors of 80610.
2, 3, 5, 2687
What are the prime factors of 12628542?
2, 3, 2104757
List the prime factors of 498924.
2, 3, 13859
What are the prime factors of 878241?
3, 7, 13, 3217
List the prime factors of 8209941.
3, 631, 4337
List the prime factors of 1776285.
3, 5, 7, 5639
List the prime factors of 38589.
3, 19, 677
What are the prime factors of 3811887?
3, 141181
List the prime factors of 18897954.
2, 3, 3149659
List the prime factors of 329490.
2, 3, 5, 7, 523
List the prime factors of 4410229.
4410229
What are the prime factors of 516699?
3, 6379
List the prime factors of 834823.
11, 29, 2617
List the prime factors of 438959.
163, 2693
What are the prime factors of 204808?
2, 25601
List the prime factors of 12121226.
2, 13, 466201
What are the prime factors of 178472?
2, 7, 3187
What are the prime factors of 3715923?
3, 79, 15679
List the prime factors of 35270.
2, 5, 3527
What are the prime factors of 380766?
2, 3, 17, 3733
What are the prime factors of 42207?
3, 11, 1279
List the prime factors of 903974.
2, 451987
What are the prime factors of 2643795?
3, 5, 7, 11, 109
What are the prime factors of 10352520?
2, 3, 5, 149, 193
List the prime factors of 299895.
3, 5, 19993
List the prime factors of 1486523.
1486523
List the prime factors of 4656807.
3, 47, 101, 109
What are the prime factors of 674346?
2, 3, 167, 673
List the prime factors of 1227322.
2, 613661
What are the prime factors of 4403924?
2, 7, 22469
List the prime factors of 9864401.
19, 23, 22573
What are the prime factors of 865460?
2, 5, 109, 397
What are the prime factors of 103331?
191, 541
What are the prime factors of 439238?
2, 219619
What are the prime factors of 4427305?
5, 89, 9949
What are the prime factors of 1127406?
2, 3, 7, 17, 1579
List the prime factors of 130355.
5, 29, 31
List the prime factors of 564085.
5, 101, 1117
What are the prime factors of 24330?
2, 3, 5, 811
What are the prime factors of 3444610?
2, 5, 13, 26497
What are the prime factors of 9662372?
2, 2415593
What are the prime factors of 42670?
2, 5, 17, 251
List the prime factors of 2527028.
2, 7, 12893
What are the prime factors of 1824256?
2, 7, 509
What are the prime factors of 52935?
3, 5, 3529
What are the prime factors of 3949125?
3, 5, 10531
List the prime factors of 480349.
480349
List the prime factors of 8692413.
3, 23, 263, 479
What are the prime factors of 537649?
7, 89, 863
What are the prime factors of 8303672?
2, 13, 79843
List the prime factors of 145217.
19, 7643
List the prime factors of 445977.
3, 7, 7079
What are the prime factors of 3754499?
7, 536357
What are the prime factors of 5989022?
2, 13, 29, 47
What are the prime factors of 1788036?
2, 3, 109, 1367
List the prime factors of 2564155.
5, 11, 23, 2027
List the prime factors of 1214087.
7, 251, 691
What are the prime factors of 11455699?
167, 68597
List the prime factors of 14051699.
1259, 11161
List the prime factors of 1391919.
3, 463973
What are the prime factors of 1982534?
2, 37, 73, 367
List the prime factors of 689058.
2, 3, 38281
What are the prime factors of 480609?
3, 53401
List the prime factors of 8403343.
13, 646411
List the prime factors of 9262100.
2, 5, 23, 4027
What are the prime factors of 11592513?
3, 1288057
List the prime factors of 7840938.
2, 3, 7, 186689
What are the prime factors of 410168?
2, 11, 59, 79
What are the prime factors of 452748?
2, 3, 29, 1301
List the prime factors of 1109428.
2, 23, 31, 389
What are the prime factors of 467006?
2, 239, 977
What are the prime factors of 7367748?
2, 3, 101, 6079
What are the prime factors of 1818585?
3, 5, 19, 709
What are the prime factors of 949409?
949409
List the prime factors of 638389.
467, 1367
List the prime factors of 1009234.
2, 504617
List the prime factors of 486873.
3, 47, 1151
What are the prime factors of 198392?
2, 24799
What are the prime factors of 1739424?
2, 3, 18119
List the prime factors of 1461428.
2, 365357
List the prime factors of 141999.
3, 11, 13, 331
List the prime factors of 200246.
2, 59, 1697
What are the prime factors of 220230?
2, 3, 5, 2447
List the prime factors of 3050105.
5, 271, 2251
List the prime factors of 62059.
229, 271
What are the prime factors of 1239458?
2, 11, 53, 1063
List the prime factors of 1577685.
3, 5, 17, 23, 269
List the prime factors of 5941674.
2, 3, 36677
List the prime factors of 2135729.
2135729
List the prime factors of 78456.
2, 3, 7, 467
What are the prime factors of 161293?
11, 31, 43
What are the prime factors of 390597?
3, 130199
What are the prime factors of 531861?
3, 11, 71, 227
List the prime factors of 6073905.
3, 5, 29, 13963
List the prime factors of 315279.
3, 11677
List the prime factors of 7205424.
2, 3, 43, 3491
What are the prime factors of 379429?
59, 109
What are the prime factors of 1770110?
2, 5, 177011
What are the prime factors of 352425?
3, 5, 37, 127
List the prime factors of 1102929.
3, 431, 853
What are the prime factors of 5515338?
2, 3, 919223
What are the prime factors of 2111045?
5, 422209
List the prime factors of 1210903.
1210903
List the prime factors of 979845.
3, 5, 65323
List the prime factors of 2881656.
2, 3, 4447
What are the prime factors of 650473?
31, 20983
What are the prime factors of 7666832?
2, 349, 1373
What are the prime factors of 9642603?
3, 3214201
List the prime factors of 281658.
2, 3, 13, 23, 157
What are the prime factors of 388883?
11, 35353
List the prime factors of 2242713.
3, 11, 67961
List the prime factors of 181450.
2, 5, 19, 191
What are the prime factors of 218696?
2, 27337
What are the prime factors of 327685?
5, 65537
What are the prime factors of 398668?
2, 99667
What are the prime factors of 6673098?
2, 3, 37, 30059
What are the prime factors of 469111?
131, 3581
What are the prime factors of 3190995?
3, 5, 7879
List the prime factors of 1585986.
2, 3, 264331
What are the prime factors of 812560?
2, 5, 7, 1451
List the prime factors of 1376846.
2, 688423
What are the prime factors of 12947319?
3, 7, 11, 17, 157
What are the prime factors of 12714166?
2, 6357083
What are the prime factors of 1206884?
2, 7, 43103
What are the prime factors 